{"id":303,"date":"2024-02-26T16:14:18","date_gmt":"2024-02-26T15:14:18","guid":{"rendered":"https:\/\/monikapodolak.pl\/?page_id=303"},"modified":"2024-03-20T20:59:17","modified_gmt":"2024-03-20T19:59:17","slug":"antoni-marian-kijewski","status":"publish","type":"page","link":"https:\/\/monikapodolak.pl\/?page_id=303","title":{"rendered":"Antoni Marian Kijewski"},"content":{"rendered":"\n<div class=\"wp-block-group alignfull has-global-padding is-layout-constrained wp-container-core-group-is-layout-597b9181 wp-block-group-is-layout-constrained has-background\" style=\"margin-top:17px;margin-bottom:17px;padding-top:0px;padding-bottom:0px;background-image:url(&apos;https:\/\/monikapodolak.pl\/wp-content\/uploads\/2024\/02\/bgr2-scaled.jpg&apos;);background-size:cover;\">\n<div class=\"wp-block-columns alignwide has-ti-fg-alt-background-color has-text-color has-background has-link-color wp-elements-212dd85e4aecd2aefb3721fd907af8f5\" style=\"color:#9c3647;margin-top:0;margin-bottom:0;padding-top:0;padding-bottom:0;font-size:16px\">\n<div class=\"wp-block-column has-global-padding is-layout-constrained wp-container-core-column-is-layout-e0082cf6 wp-block-column-is-layout-constrained\">\n<p class=\"has-text-align-center has-text-color has-link-color has-medium-font-size wp-elements-b6d6f015741e71c87755afdd58b6c9e5\" style=\"color:#9c3647\">Lista 20 &#8211; Okr\u0119g 15 &#8211; Pozycja 7<\/p>\n\n\n\n<p class=\"has-text-align-center has-text-color has-link-color has-small-font-size wp-elements-fb22e7e8f8c560d547480b364eabc90d\" style=\"color:#9c3647\"> Adelina, Sahry\u0144, Sahry\u0144-Kolonia, Zagajnik<\/p>\n\n\n\n<p class=\"has-text-align-left ticss-cf47f073 has-text-color has-link-color wp-elements-c995de034708a7beda8fa36a9253cec6\" style=\"color:#9c3647;padding-top:var(--wp--preset--spacing--40);padding-bottom:var(--wp--preset--spacing--40);font-size:16px\">Lat 65, mieszkaniec Sahrynia-Kolonii. Wykszta\u0142cenie wy\u017csze, \u017conaty. Obecnie jest na emeryturze. Cz\u0142onek Rady Parafialnej. W latach 2002-2006 by\u0142 Zast\u0119pc\u0105 W\u00f3jta Gminy Werbkowice. W obecnej kadencji samorz\u0105du jest Radnym Rady Gminy Werbkowice, przewodnicz\u0105cym Komisji Bud\u017cetu. Interesuje si\u0119 histori\u0105.<\/p>\n\n\n\n<blockquote class=\"wp-block-quote is-layout-flow wp-block-quote-is-layout-flow\">\n<p class=\"ticss-3ea90392 has-text-color has-link-color has-figtree-font-family has-normal-font-size wp-elements-357e176ae94713d77492510e9aaa3bea\" style=\"color:#9c3647;padding-right:var(--wp--preset--spacing--30);padding-left:var(--wp--preset--spacing--30)\">Gmina Werbkowice zas\u0142uguje na sprawne zarz\u0105dzanie. W\u00f3jt ma by\u0107 dla mieszka\u0144c\u00f3w i m\u0105drze kierowa\u0107 gmin\u0105. Posiadam do\u015bwiadczenie w pracy samorz\u0105dowej, kt\u00f3re chc\u0119 wykorzysta\u0107 jak najlepiej w dzia\u0142aniach na rzecz mieszka\u0144c\u00f3w. W Radzie Gminy chcia\u0142bym zajmowa\u0107 si\u0119 tematami infrastruktury, poprawi\u0107 bezpiecze\u0144stwo i komfort \u017cycia mieszka\u0144c\u00f3w Gminy.<\/p>\n<\/blockquote>\n<\/div>\n\n\n\n<div class=\"wp-block-column is-layout-flow wp-block-column-is-layout-flow\" style=\"flex-basis:270px\">\n<div class=\"wp-block-group has-ti-bg-alt-background-color has-background has-global-padding is-layout-constrained wp-container-core-group-is-layout-254f1302 wp-block-group-is-layout-constrained\" style=\"border-top-left-radius:160px;border-top-right-radius:0px;border-bottom-left-radius:0px;border-bottom-right-radius:160px;padding-top:0;padding-right:0;padding-bottom:0;padding-left:0\">\n<figure class=\"wp-block-image alignright size-full is-resized has-custom-border is-style-default\"><img loading=\"lazy\" decoding=\"async\" width=\"300\" height=\"450\" src=\"https:\/\/monikapodolak.pl\/wp-content\/uploads\/2024\/02\/14-1.jpg\" alt=\"\" class=\"has-border-color wp-image-305\" style=\"border-color:#9c3647;border-width:1px;border-top-left-radius:25px;border-top-right-radius:0px;border-bottom-left-radius:0px;border-bottom-right-radius:25px;aspect-ratio:0.6903703703703704;width:261px;height:auto\" srcset=\"https:\/\/monikapodolak.pl\/wp-content\/uploads\/2024\/02\/14-1.jpg 300w, https:\/\/monikapodolak.pl\/wp-content\/uploads\/2024\/02\/14-1-200x300.jpg 200w\" sizes=\"auto, (max-width: 300px) 100vw, 300px\" \/><\/figure>\n<\/div>\n<\/div>\n<\/div>\n\n\n\n<div class=\"wp-block-columns alignwide are-vertically-aligned-top has-ti-fg-alt-background-color has-text-color has-background has-link-color wp-elements-6ad0d6648f63ed152499767803fcc024\" style=\"color:#9c3647;font-size:16px\">\n<div class=\"wp-block-column is-vertically-aligned-top is-layout-flow wp-block-column-is-layout-flow\">\n<p class=\"has-text-align-center has-text-color has-link-color wp-elements-b22a51fe25586bd2ac200a59a9671fb3\" style=\"color:#9c3647;font-size:26px\">Moje priorytety to:<\/p>\n\n\n\n<ul style=\"color:#9c3647\" class=\"has-text-color has-link-color wp-block-list wp-elements-9621313c8cbc59bdfef8a09effb074ac\">\n<li>budowa i remonty dr\u00f3g wraz z o\u015bwietleniem<\/li>\n\n\n\n<li>dalszy rozw\u00f3j infrastruktury wodoci\u0105gowej na terenie Gminy<\/li>\n\n\n\n<li>przywr\u00f3cenie \u201enormalno\u015bci\u201d w rz\u0105dzeniu Gmin\u0105.<\/li>\n<\/ul>\n<\/div>\n<\/div>\n<\/div>\n","protected":false},"excerpt":{"rendered":"<p>Lista 20 &#8211; Okr\u0119g 15 &#8211; Pozycja 7 Adelina, Sahry\u0144, Sahry\u0144-Kolonia, Zagajnik Lat 65, mieszkaniec Sahrynia-Kolonii. Wykszta\u0142cenie wy\u017csze, \u017conaty. Obecnie jest na emeryturze. Cz\u0142onek Rady Parafialnej. W latach 2002-2006 by\u0142 Zast\u0119pc\u0105 W\u00f3jta Gminy Werbkowice. W obecnej kadencji samorz\u0105du jest Radnym Rady Gminy Werbkowice, przewodnicz\u0105cym Komisji Bud\u017cetu. Interesuje si\u0119 histori\u0105. Gmina Werbkowice zas\u0142uguje na sprawne zarz\u0105dzanie. [&hellip;]<\/p>\n","protected":false},"author":1,"featured_media":0,"parent":0,"menu_order":0,"comment_status":"closed","ping_status":"closed","template":"","meta":{"_editorskit_title_hidden":false,"_editorskit_reading_time":0,"_editorskit_is_block_options_detached":false,"_editorskit_block_options_position":"{}","_themeisle_gutenberg_block_has_review":false,"footnotes":""},"class_list":["post-303","page","type-page","status-publish","hentry"],"_links":{"self":[{"href":"https:\/\/monikapodolak.pl\/index.php?rest_route=\/wp\/v2\/pages\/303","targetHints":{"allow":["GET"]}}],"collection":[{"href":"https:\/\/monikapodolak.pl\/index.php?rest_route=\/wp\/v2\/pages"}],"about":[{"href":"https:\/\/monikapodolak.pl\/index.php?rest_route=\/wp\/v2\/types\/page"}],"author":[{"embeddable":true,"href":"https:\/\/monikapodolak.pl\/index.php?rest_route=\/wp\/v2\/users\/1"}],"replies":[{"embeddable":true,"href":"https:\/\/monikapodolak.pl\/index.php?rest_route=%2Fwp%2Fv2%2Fcomments&post=303"}],"version-history":[{"count":5,"href":"https:\/\/monikapodolak.pl\/index.php?rest_route=\/wp\/v2\/pages\/303\/revisions"}],"predecessor-version":[{"id":480,"href":"https:\/\/monikapodolak.pl\/index.php?rest_route=\/wp\/v2\/pages\/303\/revisions\/480"}],"wp:attachment":[{"href":"https:\/\/monikapodolak.pl\/index.php?rest_route=%2Fwp%2Fv2%2Fmedia&parent=303"}],"curies":[{"name":"wp","href":"https:\/\/api.w.org\/{rel}","templated":true}]}}